{"id":1274,"date":"2025-01-02T19:07:16","date_gmt":"2025-01-02T19:07:16","guid":{"rendered":"https:\/\/aukok-sxz3o.projectbeta.co.uk\/?post_type=organization&#038;p=1274"},"modified":"2025-01-02T19:07:17","modified_gmt":"2025-01-02T19:07:17","slug":"labdaros-ir-paramos-fondas-frida","status":"publish","type":"organization","link":"https:\/\/aukok-sxz3o.projectbeta.co.uk\/lt\/organization-lt\/labdaros-ir-paramos-fondas-frida\/","title":{"rendered":"Labdaros ir paramos fondas \u201eFrida\u201c"},"content":{"rendered":"<p>Labdaros ir paramos fondas \u201eFrida\u201c (Fondas FRIDA) &#8211; nevyriausybin\u0117 moter\u0173 bei su jaunimu dirbanti organizacija, siekianti skatinti ir diegti faktin\u0119 ly\u010di\u0173 lygyb\u0119 Lietuvoje, ma\u017einti moter\u0173 diskriminacij\u0105 ir kovoti su smurtu prie\u0161 moteris, vaikus bei jaunus \u017emones, skatinti visuomen\u0117s pagarb\u0105 ir tolerancij\u0105 pa\u017eeid\u017eiamoms visuomen\u0117s grup\u0117ms, pl\u0117sti \u017emogaus teisi\u0173 apsaug\u0105, skatinti socialiai marginalizuojam\u0173 \u017emoni\u0173 integracij\u0105 \u012f visuomen\u0119, vykdyti advokacij\u0105, edukacin\u0119 ir prevencin\u0119 veiklas.<\/p>","protected":false},"featured_media":1275,"template":"","class_list":["post-1274","organization","type-organization","status-publish","has-post-thumbnail","hentry"],"acf":[],"_links":{"self":[{"href":"https:\/\/aukok-sxz3o.projectbeta.co.uk\/lt\/wp-json\/wp\/v2\/organization\/1274","targetHints":{"allow":["GET"]}}],"collection":[{"href":"https:\/\/aukok-sxz3o.projectbeta.co.uk\/lt\/wp-json\/wp\/v2\/organization"}],"about":[{"href":"https:\/\/aukok-sxz3o.projectbeta.co.uk\/lt\/wp-json\/wp\/v2\/types\/organization"}],"wp:featuredmedia":[{"embeddable":true,"href":"https:\/\/aukok-sxz3o.projectbeta.co.uk\/lt\/wp-json\/wp\/v2\/media\/1275"}],"wp:attachment":[{"href":"https:\/\/aukok-sxz3o.projectbeta.co.uk\/lt\/wp-json\/wp\/v2\/media?parent=1274"}],"curies":[{"name":"wp","href":"https:\/\/api.w.org\/{rel}","templated":true}]}}

<p>Labdaros ir paramos fondas „Frida“ (Fondas FRIDA) &#8211; nevyriausybinė moterų bei su jaunimu dirbanti organizacija, siekianti skatinti ir diegti faktinę lyčių lygybę Lietuvoje, mažinti moterų diskriminaciją ir kovoti su smurtu prieš moteris, vaikus bei jaunus žmones, skatinti visuomenės pagarbą ir toleranciją pažeidžiamoms visuomenės grupėms, plėsti žmogaus teisių apsaugą, skatinti socialiai marginalizuojamų žmonių integraciją į visuomenę, vykdyti advokaciją, edukacinę ir prevencinę veiklas.</p>
